 z**3 - 10*z**2 + 8*z + 12. Let v be b(9). Suppose -v*u + 480 = -183. What is the hundreds digit of u?
2
Let l(f) = -2*f**3 + 13*f**2 + 7*f + 4. Let h be l(7). Suppose 4*r + m - 1135 = 0, -2*m = h*r + 2*m - 1144. What is the hundreds digit of r?
2
Let c = 367 - -40. What is the tens digit of c?
0
Let y be (-36)/9 - (-63)/1. Let u = 279 - y. Suppose -5*p = -5*x + 240, 0 = -4*x + p - 40 + u. What is the units digit of x?
4
Suppose 0 = 68*j - 69*j - 9. Suppose -q + 2*q = -16. Let p = j - q. What is the units digit of p?
7
What is the hundreds digit of 704 - (-4)/(20/35)?
7
Let x be 10464/68 - (-4)/34. Suppose 0 = -4*k - 4*a + 152, -6*k = -k - 4*a - x. Suppose -5*d - 5*l - 71 = -231, -d - 3*l = -k. What is the tens digit of d?
3
Let y be 86188/290*(5/(-2))/(-1). Suppose -2*q = 2*s - 296, 5*q + 11*s = 7*s + y. What is the hundreds digit of q?
1
Suppose -4*x = -0*x - 16. Suppose -x*p - 26 = -4*w + 30, -34 = -3*w - p. What is the tens digit of w?
1
Let g be 6/9*(-204)/4. Let f = g - -34. Suppose 3*o = -f*o + 153. What is the units digit of o?
1
Suppose 0 = 7*b - 3516 - 264. What is the units digit of b?
0
Suppose -10*t + 505 + 2235 = 0. What is the tens digit of t?
7
Let a = 24 + -20. Suppose -a*c = -c - 228. What is the tens digit of c?
7
Let w be (4671/(-108))/(1/(-12)). Suppose w = 5*h - 626. What is the hundreds digit of h?
2
Let v(f) = 4*f**2 + 16*f + 5. Let s be v(-8). Suppose 53 = 6*h - s. What is the units digit of h?
1
Let f = 341 + -113. Suppose -11*o = -7*o - f. Suppose -b = 0, o + 54 = 3*c + 2*b. What is the units digit of c?
7
Suppose 5*o = -5*n + 5, 2 = 5*o + 2*n + 6. What is the hundreds digit of 3 + -4 - o - -135?
1
Let z = -1034 - -3929. What is the tens digit of z?
9
Suppose -4*u + 304 = 3*g, 3*u + 3*g - 67 = 2*u. Suppose 3*v + u = 4*v. What is the tens digit of v?
7
Suppose -5*s - 29 + 89 = 0. What is the units digit of (-1 - -4) + -1 + s?
4
Let o(v) = -20*v. Let n be o(-5). Suppose -4*u + n = 28. What is the tens digit of u?
1
Let f be ((-3)/(-5))/(-3) + (-176)/20. Let x(b) = 7*b + 10. Let w(h) = -7*h - 11. Let c(r) = -3*w(r) - 4*x(r). What is the tens digit of c(f)?
5
Suppose -1309 = -14*h + 13265. What is the tens digit of h?
4
Let u(g) = 3*g - 1. Let t be u(-3). Let c = 18 + t. What is the units digit of (-78)/(-2) - (10 - c)?
7
Let u = 2707 - 1733. What is the hundreds digit of u?
9
What is the tens digit of ((30900/(-24))/5)/(1/(-2))?
1
Let y be 4/(-24) - 2/12*-25. Suppose 5*i - y*b = 543, -2*i = -5*b - 19 - 205. What is the tens digit of i?
0
Let v(q) = -q**3 + 6*q**2 + 7*q + 3. Let d be v(7). Suppose -5*i + 27 = -2*x, d*i - 6*x = -2*x + 5. Let a = i + 37. What is the tens digit of a?
4
Let v(r) = -r**3 - 2*r**2 - 7*r. Let s(q) = q**2 - 13*q + 7. Let j be s(12). What is the hundreds digit of v(j)?
1
Let n(k) = 0*k + 3*k**2 - 2*k - 9 - 15 + 11. What is the tens digit of n(6)?
8
Suppose 3*g + 19*b = 20*b + 7297, -5*g = -3*b - 12159. What is the units digit of g?
3
Let q be (-4)/10 + 72/(-20). What is the tens digit of (-4098)/(-42) + q/7?
9
What is the tens digit of 1 - (-6)/6*992?
9
Let u = 20659 + -14070. What is the units digit of u?
9
Let w be (36 + -6)*8/(-3). Let a = w - -170. What is the tens digit of a?
9
Let w = 168 + -18. Let d = w + -72. Suppose 4*x = 6*x - d. What is the tens digit of x?
3
Suppose 8*u - u = 3115. What is the tens digit of u?
4
Suppose -16 = -2*x - 2*t + 20, x = 5*t + 6. What is the units digit of x/(-72) + 605/9?
7
Suppose -3*v - 5*y = 7 + 2, 1 = 2*v + y. Suppose 6*i + 24 = 2*i. What is the tens digit of (0 - v)/(i/57)?
1
What is the hundreds digit of 5 + -7 - (-579 - 24/(-4))?
5
Let a(m) = m**3 + 12*m**2 + 18*m + 10. Let y = 10 + -17. What is the tens digit of a(y)?
2
Suppose -12*d + d - 1287 = 0. Let l = 261 + d. What is the hundreds digit of l?
1
Suppose 0 = -448*s + 436*s + 72660. What is the hundreds digit of s?
0
Let z(f) = f**2 + 2*f - 1. Let l be z(-4). Let r = -24 + 26. Suppose 36 = t + 4*y, r*t + y = l*t - 117. What is the tens digit of t?
2
Let v = 10 + -7. Let x be v/5 + (-15)/25. Suppose 30 = 5*g - x. What is the units digit of g?
6
Suppose -1369 = -1385*t + 1384*t. What is the units digit of t?
9
Let o(v) = 200*v - 2. Let z be o(1). Suppose -s + 6*l + 28 = l, -5*s = 4*l - z. What is the tens digit of s?
3
Let j(s) = -2*s**2 + 2*s - 4. Let g(t) = t**2 + t. Let i(k) = -g(k) - j(k). What is the units digit of i(3)?
4
Let i be 38/(-133) - (-38)/(-14). Let g(u) = -4*u**3 + 2*u**2 + 2*u - 2. What is the tens digit of g(i)?
1
Suppose -18*b + 23672 = 9938. What is the hundreds digit of b?
7
Let z = -443 + 705. Suppose 152 = 6*q - z. What is the tens digit of q?
6
Let k(a) = -a - 3. Let m be k(-10). Suppose -m*h = -28 - 560. What is the tens digit of h?
8
Let z be 8/(-44) + (-114)/(-22). Let t be 2/5 - (-43)/z. Suppose t = -0*o + 3*o. What is the units digit of o?
3
Suppose -2*a + 2*h + 32 = 0, 42 = 5*a + 2*h - 10. Suppose -f + 0*f = 9. What is the tens digit of (-6)/f - (-388)/a?
3
Let j be (4/8)/(1/(-10)). What is the hundreds digit of (-4)/5*27*j?
1
Let w = -859 - -1445. What is the tens digit of w?
8
Suppose -15063 = -25*o + 5362. What is the tens digit of o?
1
Suppose -3*h = 4*x - h - 6, -3*x - 5*h - 6 = 0. Suppose 2*w - 2*q = -0 + 8, -x*w + 12 = 5*q. What is the units digit of (96/40)/(w/10)?
6
Let o = -19 - -30. Suppose 4*m = -u - 3*u + 20, -4*u - m = -o. What is the units digit of u?
2
Suppose 16 = -3*t - 4*b, 3*t + 0*t = b - 11. Let z(m) be the first derivative of m**4/4 + m**3 - 7*m**2/2 - 8*m - 3. What is the units digit of z(t)?
4
Let h(b) = b**3 + 11*b**2 - 10*b - 12. Let t be h(-11). Let j = 170 - t. What is the units digit of j?
2
Let y(d) = 7*d**3 - 2*d**2 + 3*d - 99. What is the thousands digit of y(7)?
2
Let n be (-13)/(-3)*(19 + 26). Suppose -8*i + 3*i + n = 0. What is the units digit of i?
9
Let y(i) = -i**2 + 15*i - 8. Suppose -6 = a - 18. Let b be y(a). Suppose l = -5*p + b, p - 2*p = 0. What is the units digit of l?
8
Suppose 23*y - 25814 - 11285 = 0. What is the hundreds digit of y?
6
Suppose 731*b - 721*b = 29020. What is the hundreds digit of b?
9
What is the hundreds digit of ((6 - -2) + -4)/(4/769)?
7
Suppose -118*o = -102*o - 17840. What is the thousands digit of o?
1
Let h = 45 - 42. Suppose h*n - 245 = -32. What is the tens digit of n?
7
Let i(d) = d**2 - 5*d - 2. Let n be i(2). What is the units digit of (20/6)/(n/(-12))?
5
Suppose 0 = -l - 4*u - 21, 0 = 5*l + 3*u - 16 + 53. Let g = l + 82. What is the units digit of g?
7
Let t = 128 + -82. Suppose 2*j = 5*r + 4, -5*j + 3*r = -2*r - 10. What is the tens digit of t - j/(-2 - -3)?
4
What is the units digit of (702/(-4))/((-23)/46)?
1
Suppose 4 = r + 31. Let o = -82 - r. Let w = -33 - o. What is the tens digit of w?
2
Suppose 5*r = a + 1011, 0 = 5*r - 10*r - a + 1019. Suppose 3*p = u + 206, -2*p + 4*u = p - r. What is the units digit of p?
9
Suppose -3*x + s + 1578 = 4*s, 0 = 3*s + 15. What is the hundreds digit of x?
5
Let a(k) = -3*k + 40. Let o be a(10). Let p(x) = -x**2 + 19*x + 33. What is the units digit of p(o)?
3
Let r(b) = 5*b**2 + 5*b + 1. Let n be r(-5). Suppose -2*f + n = -25. What is the units digit of f?
3
Let j(i) = i**2 - 8*i + 5. Let h be j(-8). Let r = h - 84. What is the tens digit of r?
4
Let a(f) = -248*f - 30. What is the hundreds digit of a(-14)?
4
Let l be (1 + 3 + -3)/1. Suppose -5*p - l = 4. Let c = 17 + p. What is the units digit of c?
6
Suppose 3*f + 9 = 2*d - 0, 4*f = -4*d + 8. Suppose 1 = -r, -d*u + 0*r + 2*r = -2. What is the tens digit of (-2)/(4/(-54) - u)?
2
Suppose 36 = 4*q - 12. Suppose -2*f - 2*j + 8 = 0, -f - 3*j + q = -0*j. Suppose -4*n + 2*y + 210 = f, -2*n + 5*y = -n - 39. What is the units digit of n?
4
Let f = 5466 + -387. What is the tens digit of f?
7
Suppose -c = -3*f - 975, -9*f - 3913 = -4*c - 10*f. What is the units digit of c?
8
Suppose 6*d - 84 = 474. Suppose 3*y + 5*m = 1, 2*m + 1 = -1. Suppose 9 = -y*p + d. What is the units digit of p?
2
Let f = 31 + -27. Suppose f*n + 6*m = m + 22, 4*n = -2*m + 16. Suppose -n*l = 5*q - 125 - 10, -q + 25 = l. What is the tens digit of q?
3
Let b be 8/(-1) + 28/7. Suppose 0 = 2*s + 6, -4*r + 5*s - 3 = 62. What is the tens digit of (-83)/b + (-5)/r?
2
What is the hundreds digit of 29589/147 + 8/(-28)?
2
Suppose -3*n = k - 768